{"id":23,"date":"2013-11-24T13:20:19","date_gmt":"2013-11-24T11:20:19","guid":{"rendered":"http:\/\/www.architekturbuero-wendrich.de\/de\/?page_id=23"},"modified":"2023-08-04T15:28:50","modified_gmt":"2023-08-04T13:28:50","slug":"leistungen-hochbau","status":"publish","type":"page","link":"https:\/\/www.abw-planung.de\/?page_id=23","title":{"rendered":"HOCHBAU"},"content":{"rendered":"<p>Das Team der ABW Planungsgesellschaft mbH ist der Spezialist f\u00fcr individuelle und kundenorientierte Hochbauarchitektur in der Region Gera.<br \/>\nDar\u00fcber hinaus bietet unser B\u00fcro individuelle L\u00f6sungen f\u00fcr den Bau und die Sanierung von Privat- und Gesch\u00e4ftsh\u00e4usern, gestalteten Innenr\u00e4ume und f\u00fchren dazu technische Geb\u00e4udesanierungen durch.\u00a0Wichtig ist uns dabei der innovative Einsatz unterschiedlicher Materialien, das spannungsreiche Spiel mit Licht und Farben sowie die kreative Verbindung von Tradition und Moderne.<\/p>\n","protected":false},"excerpt":{"rendered":"<p>Das Team der ABW Planungsgesellschaft mbH ist der Spezialist f\u00fcr individuelle und kundenorientierte Hochbauarchitektur in der Region Gera. Dar\u00fcber hinaus&#8230;<\/p>\n","protected":false},"author":1,"featured_media":0,"parent":0,"menu_order":0,"comment_status":"open","ping_status":"open","template":"template-profil-leistung.php","meta":{"footnotes":""},"_links":{"self":[{"href":"https:\/\/www.abw-planung.de\/index.php?rest_route=\/wp\/v2\/pages\/23"}],"collection":[{"href":"https:\/\/www.abw-planung.de\/index.php?rest_route=\/wp\/v2\/pages"}],"about":[{"href":"https:\/\/www.abw-planung.de\/index.php?rest_route=\/wp\/v2\/types\/page"}],"author":[{"embeddable":true,"href":"https:\/\/www.abw-planung.de\/index.php?rest_route=\/wp\/v2\/users\/1"}],"replies":[{"embeddable":true,"href":"https:\/\/www.abw-planung.de\/index.php?rest_route=%2Fwp%2Fv2%2Fcomments&post=23"}],"version-history":[{"count":15,"href":"https:\/\/www.abw-planung.de\/index.php?rest_route=\/wp\/v2\/pages\/23\/revisions"}],"predecessor-version":[{"id":8694,"href":"https:\/\/www.abw-planung.de\/index.php?rest_route=\/wp\/v2\/pages\/23\/revisions\/8694"}],"wp:attachment":[{"href":"https:\/\/www.abw-planung.de\/index.php?rest_route=%2Fwp%2Fv2%2Fmedia&parent=23"}],"curies":[{"name":"wp","href":"https:\/\/api.w.org\/{rel}","templated":true}]}}

<p>Das Team der ABW Planungsgesellschaft mbH ist der Spezialist für individuelle und kundenorientierte Hochbauarchitektur in der Region Gera.<br />
Darüber hinaus bietet unser Büro individuelle Lösungen für den Bau und die Sanierung von Privat- und Geschäftshäusern, gestalteten Innenräume und führen dazu technische Gebäudesanierungen durch. Wichtig ist uns dabei der innovative Einsatz unterschiedlicher Materialien, das spannungsreiche Spiel mit Licht und Farben sowie die kreative Verbindung von Tradition und Moderne.</p>

<p>Das Team der ABW Planungsgesellschaft mbH ist der Spezialist für individuelle und kundenorientierte Hochbauarchitektur in der Region Gera. Darüber hinaus&#8230;</p>
