{"id":382,"date":"2014-01-19T17:46:46","date_gmt":"2014-01-19T15:46:46","guid":{"rendered":"http:\/\/www.architekturbuero-wendrich.de\/de\/?page_id=382"},"modified":"2024-10-24T11:26:12","modified_gmt":"2024-10-24T09:26:12","slug":"team","status":"publish","type":"page","link":"https:\/\/www.abw-planung.de\/?page_id=382","title":{"rendered":"TEAM"},"content":{"rendered":"<h3>Hochbau<\/h3>\n<p><strong>Herr Heiko Wendrich<br \/>\n<\/strong>Gesch\u00e4ftsf\u00fchrer<br \/>\nDipl. -Ing. Architekt St\u00e4dtebau<\/p>\n<p>Mitglied und Bauvorlageberechtigung Architektenkammer Th\u00fcringen<\/p>\n<ul>\n<li>Architektur seit 1994<\/li>\n<li>Stadtplanung seit 1992<\/li>\n<\/ul>\n<p>Sicherheits- und Gesundheitsschutz-Koordinator<br \/>\nFachplaner f\u00fcr vorbeugenden baulichen Brandschutz<\/p>\n<p>Telefon\u00a0 0365 &#8211; 83 10 171<br \/>\nTelefax \u00a00365 &#8211; 83 10 172<br \/>\nEmail \u00a0\u00a0<a href=\"mailto:h.wendrich@abw-planung.de\">h.wendrich@abw-planung.de<\/a><\/p>\n<hr \/>\n<p><strong>Herr Christian Wolf<br \/>\n<\/strong>Gesch\u00e4ftsf\u00fchrer<strong><br \/>\n<\/strong>Dipl. -Ing. Bauingenieurwesen<\/p>\n<p>Telefon\u00a0 0365 &#8211; 83 10 171<br \/>\nTelefax \u00a00365 &#8211; 83 10 172<br \/>\nEmail \u00a0 <a href=\"mailto:c.wolf@abw-planung.de\">c.wolf@abw-planung.de<\/a><\/p>\n<hr \/>\n<p><strong>Frau Karen Franz<br \/>\n<\/strong>Dipl. -Ing. (FH) Hochbau<br \/>\n<span style=\"line-height: 1.68; font-size: 1rem;\"><br \/>\n<\/span>Telefon\u00a0 03722 4063 68<br \/>\nTelefax \u00a003722 4063 69<br \/>\nEmail\u00a0\u00a0\u00a0<a href=\"mailto:k.franz@abw-planung.de\">k.franz@abw-planung.de<\/a><\/p>\n<hr \/>\n<p><strong>Frau Grit L\u00fcdeke<br \/>\n<\/strong>Dipl. -Ing. (FH) Architektin<\/p>\n<p>Geeigneter Sicherheits- und Gesundheitsschutz-Koordinator nach Baustellenverordnung<\/p>\n<p>Telefon\u00a0 0365 &#8211; 83 10 171<br \/>\nTelefax \u00a00365 &#8211; 83 10 172<br \/>\nEmail \u00a0 <a href=\"mailto:g.luedeke@abw-planung.de\">g.luedeke@abw-planung.de<\/a><\/p>\n<hr \/>\n<p><strong>Frau Melis Sagnak Demirk\u00fcrek<br \/>\n<\/strong><\/p>\n<p>Telefon\u00a0 0365 &#8211; 83 10 171<br \/>\nTelefax \u00a00365 &#8211; 83 10 172<br \/>\nEmail \u00a0 <a href=\"mailto:m.demirkuerek@abw-planung.de\">m.demirkuerek@abw-planung.de<\/a><\/p>\n<hr \/>\n<h3><span style=\"font-size: 1.285714286rem; line-height: 1.6;\">Landschaftsbau<\/span><\/h3>\n<p><strong>Herr Andreas Uecker<br \/>\n<\/strong>Dipl. -Ing. (FH) Umweltschutz<br \/>\nGesellenbrief G\u00e4rtner (Baumschule)<\/p>\n<p>Telefon\u00a0 0365 &#8211; 55 17 129<br \/>\nTelefax \u00a00365 &#8211; 55 17 131<br \/>\nEmail \u00a0\u00a0<a href=\"mailto:a.uecker@abw-planung.de\"> a.uecker@abw-planung.de<\/a><\/p>\n<hr \/>\n<p><strong>Herr Tom Ritter<br \/>\n<\/strong>Bau-Ing. Bauingenieurwesen<br \/>\nAgraringenieur<\/p>\n<p>Telefon\u00a0 0365 &#8211; 55 17 129<br \/>\nTelefax \u00a00365 &#8211; 55 17 131<br \/>\nEmail\u00a0 \u00a0<a href=\"mailto:t.ritter@abw-planung.de\">t.ritter@abw-planung.de<\/a><\/p>\n<hr \/>\n<h3>Projektsteuerung<\/h3>\n<p><strong>Herr Jan Kubacky<br \/>\n<\/strong>Dipl. -Ing. St\u00e4dtebau<\/p>\n<p>Telefon\u00a0 0365 &#8211; 83 10 171<br \/>\nTelefax \u00a00365 &#8211; 83 10 172<br \/>\nEmail \u00a0 <a href=\"mailto:j.kubacky@abw-planung.de\">j.kubacky@abw-panung.de<\/a><\/p>\n<hr \/>\n","protected":false},"excerpt":{"rendered":"<p>Hochbau Herr Heiko Wendrich Gesch\u00e4ftsf\u00fchrer Dipl. -Ing. Architekt St\u00e4dtebau Mitglied und Bauvorlageberechtigung Architektenkammer Th\u00fcringen Architektur seit 1994 Stadtplanung seit 1992&#8230;<\/p>\n","protected":false},"author":1,"featured_media":0,"parent":13,"menu_order":0,"comment_status":"open","ping_status":"open","template":"template-banner.php","meta":{"footnotes":""},"_links":{"self":[{"href":"https:\/\/www.abw-planung.de\/index.php?rest_route=\/wp\/v2\/pages\/382"}],"collection":[{"href":"https:\/\/www.abw-planung.de\/index.php?rest_route=\/wp\/v2\/pages"}],"about":[{"href":"https:\/\/www.abw-planung.de\/index.php?rest_route=\/wp\/v2\/types\/page"}],"author":[{"embeddable":true,"href":"https:\/\/www.abw-planung.de\/index.php?rest_route=\/wp\/v2\/users\/1"}],"replies":[{"embeddable":true,"href":"https:\/\/www.abw-planung.de\/index.php?rest_route=%2Fwp%2Fv2%2Fcomments&post=382"}],"version-history":[{"count":56,"href":"https:\/\/www.abw-planung.de\/index.php?rest_route=\/wp\/v2\/pages\/382\/revisions"}],"predecessor-version":[{"id":37743,"href":"https:\/\/www.abw-planung.de\/index.php?rest_route=\/wp\/v2\/pages\/382\/revisions\/37743"}],"up":[{"embeddable":true,"href":"https:\/\/www.abw-planung.de\/index.php?rest_route=\/wp\/v2\/pages\/13"}],"wp:attachment":[{"href":"https:\/\/www.abw-planung.de\/index.php?rest_route=%2Fwp%2Fv2%2Fmedia&parent=382"}],"curies":[{"name":"wp","href":"https:\/\/api.w.org\/{rel}","templated":true}]}}