{"id":48,"date":"2013-11-24T14:28:59","date_gmt":"2013-11-24T12:28:59","guid":{"rendered":"http:\/\/www.architekturbuero-wendrich.de\/de\/?page_id=48"},"modified":"2014-01-18T16:41:14","modified_gmt":"2014-01-18T14:41:14","slug":"projektsteuerung","status":"publish","type":"page","link":"https:\/\/www.abw-planung.de\/?page_id=48","title":{"rendered":"PROJEKTSTEUERUNG"},"content":{"rendered":"<p>Die Projektsteuerung ist das Kernst\u00fcck eines professionellen Baumanagements.<br \/>\nSie erm\u00f6glicht die Prozesse in der Projektarbeit so zu f\u00fchren, dass die Projektziele erreicht werden k\u00f6nnen.<\/p>\n<p>Sie als Auftraggeber, Investor oder Bauherr haben durch unser erfahrenes Projektteam vom ersten Tag an eine Planungs- und Kostenkontrolle.<br \/>\nWir sind uns Ihres Vertrauens bewusst und liefern Ihnen Qualit\u00e4t, Verl\u00e4sslichkeit und Service. Denn wir stehen f\u00fcr eine nachhaltige Partnerschaft.<\/p>\n","protected":false},"excerpt":{"rendered":"<p>Die Projektsteuerung ist das Kernst\u00fcck eines professionellen Baumanagements. Sie erm\u00f6glicht die Prozesse in der Projektarbeit so zu f\u00fchren, dass die&#8230;<\/p>\n","protected":false},"author":1,"featured_media":0,"parent":0,"menu_order":0,"comment_status":"open","ping_status":"open","template":"template-profil-leistung.php","meta":{"footnotes":""},"_links":{"self":[{"href":"https:\/\/www.abw-planung.de\/index.php?rest_route=\/wp\/v2\/pages\/48"}],"collection":[{"href":"https:\/\/www.abw-planung.de\/index.php?rest_route=\/wp\/v2\/pages"}],"about":[{"href":"https:\/\/www.abw-planung.de\/index.php?rest_route=\/wp\/v2\/types\/page"}],"author":[{"embeddable":true,"href":"https:\/\/www.abw-planung.de\/index.php?rest_route=\/wp\/v2\/users\/1"}],"replies":[{"embeddable":true,"href":"https:\/\/www.abw-planung.de\/index.php?rest_route=%2Fwp%2Fv2%2Fcomments&post=48"}],"version-history":[{"count":7,"href":"https:\/\/www.abw-planung.de\/index.php?rest_route=\/wp\/v2\/pages\/48\/revisions"}],"predecessor-version":[{"id":238,"href":"https:\/\/www.abw-planung.de\/index.php?rest_route=\/wp\/v2\/pages\/48\/revisions\/238"}],"wp:attachment":[{"href":"https:\/\/www.abw-planung.de\/index.php?rest_route=%2Fwp%2Fv2%2Fmedia&parent=48"}],"curies":[{"name":"wp","href":"https:\/\/api.w.org\/{rel}","templated":true}]}}