{"id":98,"date":"2013-11-24T16:41:58","date_gmt":"2013-11-24T14:41:58","guid":{"rendered":"http:\/\/www.architekturbuero-wendrich.de\/de\/?page_id=98"},"modified":"2014-01-18T17:10:47","modified_gmt":"2014-01-18T15:10:47","slug":"leistungen-projeksteuerung","status":"publish","type":"page","link":"https:\/\/www.abw-planung.de\/?page_id=98","title":{"rendered":"PROJEKTSTEUERUNG | Leistungen"},"content":{"rendered":"<h5><a href=\"http:\/\/www.architekturbuero-wendrich.de\/de\/wp-content\/uploads\/2013\/11\/projektsteuerung_grafik_ab-wendrich-3.jpg\"><img decoding=\"async\" loading=\"lazy\" width=\"559\" height=\"350\" class=\"alignnone size-full wp-image-254\" alt=\"projektsteuerung_grafik_ab-wendrich-3\" src=\"http:\/\/www.architekturbuero-wendrich.de\/de\/wp-content\/uploads\/2013\/11\/projektsteuerung_grafik_ab-wendrich-3.jpg\" srcset=\"https:\/\/www.abw-planung.de\/wp-content\/uploads\/2013\/11\/projektsteuerung_grafik_ab-wendrich-3.jpg 559w, https:\/\/www.abw-planung.de\/wp-content\/uploads\/2013\/11\/projektsteuerung_grafik_ab-wendrich-3-300x187.jpg 300w\" sizes=\"(max-width: 559px) 100vw, 559px\" \/><\/a><\/h5>\n<h5><\/h5>\n<h5>Leistungsspektrum Abteilung \u201eProjektsteuerung\u201c<\/h5>\n<ul style=\"list-style-type: square;\">\n<li>Projektsteuerungsleistungen \u00fcber alle Projektstufen und Leistungen entsprechend Fachgruppe der AHO von der Planungsvorbereitung, Planung, Durchf\u00fchrung und Abrechnung der Gesamtma\u00dfnahme<\/li>\n<li>Projektvorbereitung (Projektorganisation, Festlegung der Projektabl\u00e4ufe, Schriftverkehr etc.)<\/li>\n<li>Planungsvorbereitung (Ausschreibung, Pr\u00fcfung und Vergabevorschl\u00e4ge f\u00fcr Planungsleistungen)<\/li>\n<li>Mitwirken bei Abstimmungsgespr\u00e4chen und Qualit\u00e4tskontrolle der Planungsunterlagen<\/li>\n<li>Mitwirken bei der Erstellung des Kostenrahmens<\/li>\n<li>Pr\u00fcfen und Freigabe der Rechnungen<\/li>\n<li>Kostenverfolgung Soll-Ist-Vergleich<\/li>\n<li>Finanz- und F\u00f6rdermittelcontrolling \u00fcber alle Phasen bis zur Verwendungsnachweiserstellung<\/li>\n<li>Terminverfolgung und Abgleich zwischen Soll und Plan<\/li>\n<\/ul>\n<h5>Qualifikationen und Zertifikate<\/h5>\n<ul>\n<li>Diplom-Ingenieur<\/li>\n<\/ul>\n","protected":false},"excerpt":{"rendered":"<p>Leistungsspektrum Abteilung \u201eProjektsteuerung\u201c Projektsteuerungsleistungen \u00fcber alle Projektstufen und Leistungen entsprechend Fachgruppe der AHO von der Planungsvorbereitung, Planung, Durchf\u00fchrung und Abrechnung&#8230;<\/p>\n","protected":false},"author":1,"featured_media":0,"parent":48,"menu_order":0,"comment_status":"open","ping_status":"open","template":"template-banner-full-width.php","meta":{"footnotes":""},"_links":{"self":[{"href":"https:\/\/www.abw-planung.de\/index.php?rest_route=\/wp\/v2\/pages\/98"}],"collection":[{"href":"https:\/\/www.abw-planung.de\/index.php?rest_route=\/wp\/v2\/pages"}],"about":[{"href":"https:\/\/www.abw-planung.de\/index.php?rest_route=\/wp\/v2\/types\/page"}],"author":[{"embeddable":true,"href":"https:\/\/www.abw-planung.de\/index.php?rest_route=\/wp\/v2\/users\/1"}],"replies":[{"embeddable":true,"href":"https:\/\/www.abw-planung.de\/index.php?rest_route=%2Fwp%2Fv2%2Fcomments&post=98"}],"version-history":[{"count":14,"href":"https:\/\/www.abw-planung.de\/index.php?rest_route=\/wp\/v2\/pages\/98\/revisions"}],"predecessor-version":[{"id":242,"href":"https:\/\/www.abw-planung.de\/index.php?rest_route=\/wp\/v2\/pages\/98\/revisions\/242"}],"up":[{"embeddable":true,"href":"https:\/\/www.abw-planung.de\/index.php?rest_route=\/wp\/v2\/pages\/48"}],"wp:attachment":[{"href":"https:\/\/www.abw-planung.de\/index.php?rest_route=%2Fwp%2Fv2%2Fmedia&parent=98"}],"curies":[{"name":"wp","href":"https:\/\/api.w.org\/{rel}","templated":true}]}}